10, what is -4 - -10815972?
10815968
In base 11, what is 15 + 340978?
340992
In base 10, what is -5 - 238456758?
-238456763
In base 14, what is 568b1 - 2?
568ad
In base 3, what is 21 + 12201210121112211?
12201210121120002
In base 10, what is 17 + 943572?
943589
In base 7, what is -3 + -66123354?
-66123360
In base 14, what is 6bd - 24305?
-23a26
In base 9, what is -51 + 240876?
240825
In base 8, what is 3 + 60077411?
60077414
In base 10, what is 505 - -49972?
50477
In base 5, what is -13 - -130314240?
130314222
In base 6, what is -111311 - 151204?
-302515
In base 10, what is 8801160 + 1?
8801161
In base 11, what is -145a + -1a7a1?
-21150
In base 7, what is -3 - -14556115?
14556112
In base 10, what is 4869541 - 1?
4869540
In base 5, what is 32134104 - -123?
32134232
In base 5, what is -11043404 + -112434?
-11211343
In base 12, what is -4b - 300a68?
-300ab7
In base 8, what is -1772216 - -110?
-1772106
In base 14, what is -9a80aa6d + 2?
-9a80aa6b
In base 8, what is -70117 - 736?
-71055
In base 10, what is -95 + 119662?
119567
In base 5, what is 1334403 + 133441?
2023344
In base 13, what is -32a + 271a?
23c0
In base 13, what is -780 + -51a99?
-52549
In base 5, what is 14 - -32222112?
32222131
In base 16, what is -14fbc - 3f?
-14ffb
In base 6, what is 35 - -11024213?
11024252
In base 5, what is -221144321 + -4230?
-221204101
In base 8, what is -1 - 11441023?
-11441024
In base 4, what is -2 + -23231001200330?
-23231001200332
In base 13, what is 0 - 2411252?
-2411252
In base 7, what is -4 + -30012235?
-30012242
In base 8, what is 101614212 + -3?
101614207
In base 5, what is 41 + 1204110442?
1204111033
In base 13, what is 2c30 - b7c?
2081
In base 14, what is -4 - 22ca585?
-22ca589
In base 3, what is -2220112000101200 + 12?
-2220112000101111
In base 11, what is 11811 - -2a1?
12002
In base 13, what is 2 - -b185b?
b1860
In base 14, what is 13a - -3a366?
3a4a2
In base 5, what is 213 - -143123201?
143123414
In base 11, what is -6657a9 + -749?
-666447
In base 8, what is -11066515 - 23?
-11066540
In base 7, what is 30154106 - 104?
30154002
In base 2, what is 111011000010110111001001 + 0?
111011000010110111001001
In base 12, what is -23a6 - -4337?
1b51
In base 8, what is -25644751 + 31?
-25644720
In base 11, what is -73493 + -334?
-73817
In base 8, what is 121 - -1202534?
1202655
In base 7, what is 115211 + 244331?
362542
In base 15, what is 1e71d + 81b?
20039
In base 4, what is 1102101 - -3221333?
10330100
In base 11, what is -3121a81 + 8?
-3121a74
In base 15, what is -4 - 1c79e1?
-1c79e5
In base 10, what is -16315 - -3195?
-13120
In base 11, what is -464a - 138a9?
-18448
In base 12, what is 2 + 96bb61?
96bb63
In base 10, what is -455 - -403645?
403190
In base 15, what is -70bec + 1?
-70beb
In base 16, what is 16 + 2b23ee?
2b2404
In base 11, what is 8993 + -1034?
795a
In base 6, what is 4214543011 - 0?
4214543011
In base 16, what is 7ceb - -231?
7f1c
In base 15, what is 1dde - dc2?
101c
In base 16, what is -4 + -ec8fcb?
-ec8fcf
In base 11, what is 203835 + 87?
203911
In base 13, what is -1a0 - -39814?
39644
In base 5, what is 1 + 143034313100?
143034313101
In base 13, what is -375b1b5 + -1?
-375b1b6
In base 13, what is 12 - -90c94?
90ca6
In base 13, what is 18117c - -6a?
181219
In base 10, what is -4 + -288975249?
-288975253
In base 15, what is 3296e8e - -5?
3296e94
In base 7, what is 2 - -552134613?
552134615
In base 8, what is -12216 + 6061?
-4135
In base 2, what is -100 + 1100011111000110101011?
1100011111000110100111
In base 12, what is -16 - -1a73b21?
1a73b07
In base 13, what is -378b6 + -232?
-37b18
In base 3, what is -12202002001121012 + -2?
-12202002001121021
In base 13, what is -9 - -805175?
805169
In base 10, what is 5 - -222017913?
222017918
In base 13, what is -b44 + -3929?
-4770
In base 10, what is -10141462 + 38?
-10141424
In base 6, what is 2 - 1012405214?
-1012405212
In base 7, what is -3226523 + -40?
-3226563
In base 6, what is 4114 - 524343?
-520225
In base 4, what is -230 + 300112221123?
300112220233
In base 2, what is 100000010000010010100101001111 + -101?
100000010000010010100101001010
In base 4, what is 2022320321 + 10?
2022320331
In base 6, what is -1304550 + -33?
-1305023
In base 11, what is 44 - a544?
-a500
In base 16, what is 2b6 + -521ec?
-51f36
In base 16, what is cbc - 11bae?
-10ef2
In base 14, what is 42b48 - -b?
42b55
In base 2, what is -11000100110011101111 + -10110100?
-11000100110110100011
In base 3, what is 11122102212120 + 10?
11122102212200
In base 5, what is 210201121 + 102?
210201223
In base 7, what is -1245062126 + -4?
-1245062133
In base 15, what is 446 - 1a4e?
-1608
In base 7, what is -31 + -1231016?
-1231050
In base 14, what is -a6 + -c0441?
-c0507
In base 5, what is -2144 - -123414434?
123412240
In base 15, what is -13bc0 - 2da4?
-16a74
In base 10, what is 22868 + -577?
22291
In base 8, what is 4 + 114600740?
114600744
In base 10, what is -1952316 - -56?
-1952260
In base 2, what is 11101101000010011001 - 1000?
11101101000010010001
In base 2, what is 0 - -1011100110111100000010?
1011100110111100000010
In base 5, what is -124032 - -144440?
20403
In base 12, what is -7 - b73550?
-b73557
In base 11, what is 247 + 2566?
2802
In base 16, what is 213 - -9649?
985c
In base 4, what is -130 + 113300013201?
113300013011
In base 16, what is 2 + c4b109?
c4b10b
In base 16, what is 8b02e - 1c?
8b012
In base 12, what is -23a3b8 - 2b?
-23a427
In base 13, what is 8b001b - 4?
8b0017
In base 2, what is -11101101000101110 + 1101111?
-11101100110111111
In base 13, what is -17c046 - -6?
-17c040
In base 12, what is 2a26 + 15640?
18466
In base 3, what is 10202012001 + -112201?
10201122100
In base 7, what is 1242 + 12535?
14110
In base 4, what is -2022303 + -2?
-2022311
In base 3, what is -10211112 - 1020201002?
-1101112121
In base 3, what is -210 + -100100120220?
-100100121200
In base 11, what is 1030 + 53a?
156a
In base 7, what is 166 - 1410633?
-1410434
In base 10, what is 230 - -657788?
658018
In base 16, what is -59bc5 + -3b?
-59c00
In base 14, what is -5872 + -b?
-587d
In base 12, what is 11ba9 - -28?
12015
In base 11, what is 13447 + -1a0?
13257
In base 11, what is -8274559a - 4?
-827455a3
In base 8, what is 1157 + -4501?
-3322
In base 13, what is 9b69a0 + 4?
9b69a4
In base 11, what is -3 - 206a773?
-206a776
In base 4, what is 200300023 - 20?
200300003
In base 7, what is 361005 + -323?
360352
In base 15, what is -a1b3 - 40?
-a203
In base 4, what is -22223 + 1011322?
323033
In base 9, what is 152251 - -167?
152428
In base 9, what is -1355576676 - -5?
-1355576671
In base 9, what is 38 + -3376767?
-3376728
In base 6, what is -50251 - -1400?
-44451
In base 12, what is 205 - 1b40b?
-1b206
In base 2, what is -10011101011001100 + 1011011101?
-10011011111101111
In base 11, what is 2 - -7021a14?
7021a16
In base 6, what is 4013 + -30524153?
-30520140
In base 15, what is -d - -2b09a9?
2b099b
In base 15, what is -5702a0 + 0?
-5702a0
In base 4, what is -113303200 + -11222?
-113321022
In base 9, what is 151323 + -426?
150786
In base 2, what is -1001110011110000001000100110 - -100?
-1001110011110000001000100010
In base 16, what is 1a58b - -15?
1a5a0
In base 16, what is -121754b - -28?
-1217523
In base 4, what is -11 - 12333022230?
-12333022301
In base 8, what is 1140307 - 202?
1140105
In base 9, what is -7 + 5750581?
5750573
In base 13, what is -1a - -9b51b?
9b501
In base 13, what is 5 + 31b7219?
31b7221
In base 5, what is 240202 - -144433?
440140
In base 10, what is 9464 - 3540?
5924
In base 3, what is 10 + 22200100000012100?
22200100000012110
In base 16, what is -534 - 23a8?
-28dc
In base 7, what is -5 + -136543055?
-136543063
In base 12, what is 316813a4 + 0?
316813a4
In base 9, what is 84803 + 4747?
100651
In base 11, what is 1 - -3a189a2?
3a189a3
In base 3, what is 22 + 2110111112001?
2110111112100
In base 7, what is 21123235 - 11?
21123224
In base 9, what is 56 - 863860?
-863803
In base 4, what is -1311020230 + -120223?
-1311201113
In base 11, what is -31 - 4230566?
-4230597
In base 15, what is -d7db6 + 5?
-d7db1
In base 13, what is -4 + -4111854?
-4111858
In base 11, what is 120117 + -35?
120092
In base 10, what is -95013 + -258?
-95271
In base 14, what is -28 - 11c079d?
-11c07c7
In base 11, what is -374 + 135750?
135387
In base 10, what